et j = -18 + 34. List the prime factors of j.
2
What are the prime factors of 0 - (-2 - 0) - -47?
7
Suppose -2*k = -3*k + 8. Let o(h) = -h - 1 + 3*h - 11. List the prime factors of o(k).
2
Let g(i) = -2*i**3 + 2*i**2 - 2. Let j be g(-3). Suppose 5*u + j = 5*a, -a - 5*u + 110 = 4*a. List the prime factors of a.
2, 3
Let x = -21 - -22. Suppose j + x - 10 = 2*y, 5*y + 5 = -j. List the prime factors of j.
5
Let v(l) = 6*l + 7. What are the prime factors of v(9)?
61
Suppose -4 = 4*y - 2*y. What are the prime factors of y - (1 - 0)*-12?
2, 5
Suppose 4*u = k, k + 2*u - 40 = -2*u. Let a be 6/4*32/(-12). What are the prime factors of 3/a - (-355)/k?
17
Let r = -18 - -25. Suppose -3*m + p = m - r, 3*p + 1 = 2*m. Suppose 2*c + m*c = 60. List the prime factors of c.
3, 5
Suppose -5*y - 5*y = -3230. What are the prime factors of y?
17, 19
Suppose -15 = -r - 3*p, 0 + 20 = 5*r + 4*p. Let t = r + 5. List the prime factors of t.
5
Let k = 0 + 13. Let u(t) = t**2 - 12*t - 5. What are the prime factors of u(k)?
2
Let k = -2 + 3. Let c be 6*(2/(-4) + k). List the prime factors of (-21)/(-1) - (c - 0).
2, 3
List the prime factors of (-27)/((-3 + 0 + 0)/2).
2, 3
What are the prime factors of (1 - -2 - 7) + 12?
2
Let c(o) be the second derivative of -3/2*o**3 + 3*o - 3/2*o**2 + 0 - 1/20*o**5 - 2/3*o**4. List the prime factors of c(-7).
11
Let s(p) = -2*p + 14. List the prime factors of s(6).
2
Let r be (-6)/(-5)*25/10. Suppose -r + 24 = 3*u. Suppose 2*v - u - 15 = 0. What are the prime factors of v?
11
Suppose 0 = s + 2*f + 6, 0 = 3*f + 2 + 4. List the prime factors of -14*1/s + -2.
5
List the prime factors of 2282/21 + (-8)/(-6).
2, 5, 11
Let f = 55 - 28. What are the prime factors of f?
3
Let c = -114 + 223. List the prime factors of c.
109
Let i = 69 - -16. List the prime factors of i.
5, 17
Suppose x - 2 = -0*x. Let j(n) = -n**3 + n**2 + 3*n - 2. Let g be j(x). Suppose g = 2*r - 4*r + 20. What are the prime factors of r?
2, 5
What are the prime factors of 1/(-1)*(14 + -109)?
5, 19
Let d(f) = f**3 + 6*f**2 + 4*f - 3. Let c be d(-5). Suppose 5*k - 5*o = -30, c + 22 = -3*k - 3*o. What are the prime factors of (1 - -1)/((-2)/k)?
7
Suppose -2*t + 33 = -9. What are the prime factors of t?
3, 7
Let y(z) = -406*z - 11. What are the prime factors of y(-1)?
5, 79
Let y(o) = -o**3 + 5*o**2 - o + 7. Let d be y(5). Let h(v) = 2 - v + 0 + d*v. What are the prime factors of h(10)?
2, 3
Let w(c) = -15*c + 2. List the prime factors of w(-1).
17
Suppose -3*n = -2*n - 71. Suppose -5*d + 8 = 3*o - 33, -d = -3*o + n. What are the prime factors of o?
2, 11
Let m(h) = h**3 + 10*h**2 + h + 10. Let a be m(-10). Suppose a = l + 4*l - 10. Suppose 0*x = x - l. List the prime factors of x.
2
Suppose -2*r = -2*y - 29 + 119, -5*r - 10 = 0. What are the prime factors of y?
43
Suppose -n + 3 = -3*r - 49, -212 = -5*n + 3*r. List the prime factors of n.
2, 5
Suppose k = -w - 8, 0 = -k - 5*w - 10 - 6. What are the prime factors of 3/(k/9 + 1)?
3
Let c(p) = -p**2 - 10*p + 3. Let m be c(-10). Let f(o) = o**3 - o**2 + 2*o + 1. What are the prime factors of f(m)?
5
Suppose 2*t - 6 = 4*t. Let g be (-4 - t - -4) + 0. Suppose -44 = g*c - 5*c. List the prime factors of c.
2, 11
Let a(h) = -4*h**2 - 5*h**2 + 0*h**2 - 11 - 8*h + 4*h**3 - 3*h**3. Let i(b) = -b**3 + 9*b**2 - 6*b - 6. Let w be i(8). List the prime factors of a(w).
3
Let a(v) = -4*v - 29. What are the prime factors of a(-12)?
19
Let n(c) = -c**3 + 3*c**2 - 2. Let q be 14/8 + 2/8. Let b be n(q). Suppose -b*r + 13 = 1. What are the prime factors of r?
2, 3
Let v = -170 + 304. List the prime factors of v.
2, 67
Let n be 74/6 - (-2)/3. List the prime factors of 1/(-2)*(-7 - n).
2, 5
Let t be 260/16 - 1/4. Suppose 3*a - 6*u = -u - 14, -2*a = -5*u + t. What are the prime factors of a?
2
Suppose -8*x = 6 - 782. List the prime factors of x.
97
Let x = 396 - 199. List the prime factors of x.
197
Let a(b) be the third derivative of -b**5/60 + 3*b**4/8 - b**3/3 + 3*b**2. List the prime factors of a(6).
2
Let r = -96 - -175. What are the prime factors of r?
79
Let y(k) = -k**3 + 4*k**2 + 5*k. Let s be y(5). Let z = 2 - s. List the prime factors of z.
2
Let v = 352 + -210. List the prime factors of v.
2, 71
Let c(y) = -2*y + 7. Let m be c(5). Let a(d) = -d**3 - d**2 + d - 3. Let v be a(m). Suppose 2*k + 0*k = v. List the prime factors of k.
2, 3
What are the prime factors of 2*19/4*2?
19
Suppose 74 = 2*p - 0*p. What are the prime factors of p?
37
Suppose -184 = -3*o - 2*s, 3*s - 106 - 83 = -3*o. List the prime factors of o.
2, 29
Suppose 3*h - 3*z - 147 = 0, -3*h - z + 78 = -53. List the prime factors of h.
3, 5
Let p = -4 - -4. Suppose -4*h + h - 9 = p. Let t = h + 6. List the prime factors of t.
3
Let y(i) = 9*i - 30. List the prime factors of y(7).
3, 11
Let r(v) = v**3 + 2*v**2 - 8*v + 9. Let d be r(7). Let j be 14/(-21) + d/6. Suppose -5*z = -5*c + j, z + 0*z = -2*c + 17. List the prime factors of c.
2, 5
Suppose 5*y + 25 = 0, 5*d = -7*y + 4*y + 30. Suppose -3*u = -9, -d = -5*h + 3*u - u. Suppose 35 = h*a + 2*a. List the prime factors of a.
7
Suppose 0 = -3*t - 5 + 131. What are the prime factors of t?
2, 3, 7
Let o be (0 + (2 - 1))*1. What are the prime factors of o*16*(3 - 2)?
2
Suppose 4*n - 204 + 80 = 0. What are the prime factors of n?
31
Suppose -118 = -4*j + 70. List the prime factors of j.
47
Suppose 3 + 9 = -3*d. Let j be ((-24)/(-10))/(d/(-90)). Suppose 5*y + a - j = 0, 3*a = 2*y + 2*y - 47. What are the prime factors of y?
11
Suppose 4*s - 44 = 40. What are the prime factors of s?
3, 7
Suppose 7*o - 1401 + 274 = 0. List the prime factors of o.
7, 23
Suppose -278 = -4*l - 118. List the prime factors of l.
2, 5
Suppose 158 = 3*r - 5*o, -r - 8 = -5*o - 54. Suppose -r = -2*w - 2*w. List the prime factors of w.
2, 7
Suppose 5*y + 83 - 228 = 0. What are the prime factors of y?
29
Suppose 9*r = 4*r - 30. What are the prime factors of ((-20)/r - 0)*3?
2, 5
Let g(j) = j**3 + 6*j**2 - 3*j - 2. Let w be g(-7). Let c = w - -55. What are the prime factors of c?
5
List the prime factors of 1*-1 + (7 + 2)*15.
2, 67
Suppose 3*b = -5*z + 144, -b + 138 = 6*z - z. List the prime factors of z.
3
Suppose -2*x = 1 + 19. Let n = -2 - x. What are the prime factors of n?
2
Suppose -m + 2*q + 237 = -0*q, m - q - 241 = 0. What are the prime factors of m?
5, 7
Suppose -k = -5*k + 124. What are the prime factors of k?
31
What are the prime factors of (-123)/39 + 3 - (-2056)/13?
2, 79
Suppose -2*b + 168 = b. List the prime factors of b.
2, 7
Let v(w) = 7*w**2 + 2*w - 15. List the prime factors of v(-4).
89
Let r(l) = -l + 4*l**2 + 0*l**2 - 2*l**2 + 8*l - 13. What are the prime factors of r(-7)?
2, 3
Suppose -8*y = -3*y - 240. Suppose 6*n = 10*n - y. List the prime factors of n.
2, 3
Suppose -5*u + 3*u + 108 = -2*b, 3*b = -2*u + 98. List the prime factors of u.
2, 13
Suppose -2*s - 3*s + 315 = 0. What are the prime factors of s?
3, 7
Let q(n) = n**2 + 3*n + 1. Let c be q(-5). Suppose 1 - c = -5*w. What are the prime factors of w?
2
Let i = 4 - 2. Suppose -i*n - 5*y + 26 = 0, 2*n = -n - 4*y + 25. What are the prime factors of (-1)/n - 62/(-6)?
2, 5
Let q(g) = -g**2 + 5*g + 8. Let b be q(6). Suppose 2*y - 16 = b*k, 5*k + 3 + 33 = 4*y. Let z = 12 + k. List the prime factors of z.
2
Let s be -1 - -6 - (4 + -2). Suppose 5*n + 176 = s*d, n - 3*n + 5*d = 78. List the prime factors of 4/(-6) - n/6.
5
Let m(j) = -17*j - 47. What are the prime factors of m(-12)?
157
Let a = 6 - 3. Let p(t) = -t**2 + 3*t + 4. List the prime factors of p(a).
2
Suppose 2*p - 137 = 167. List the prime factors of p.
2, 19
Suppose -2*r = -10*r + 112. Suppose r = 4*t - 190. List the prime factors of t.
3, 17
List the prime factors of 4 + (1 + 3 - -50).
2, 29
Let a = 6 + -6. Suppose -120 = -4*p - a*p. What are the prime factors of p?
2, 3, 5
Let d = -25 + 16. Let a = 15 + d. Suppose -2*y - 3*c = -a*y + 7, 5*y - 4*c - 8 = 0. What are the prime factors of y?
2
Let j = -142 + 337. What are the prime factors of j?
3, 5, 13
Let h(r) = -r**3 - 5*r**2 + r + 5. Let z be h(-5). Suppose z*n + 21 = 3*n. List the prime factors of n.
7
What are the prime factors of (18/(-36))/(2/(-364))?
7, 13
Let h = -1 - 11. What are the prime factors of (-1 - h) + -1 - 2?
2
Let j(q) = -6 - q + 8*q**2 - 7*q**2 + 1. List the prim